	{"id":12,"date":"2023-06-24T08:56:18","date_gmt":"2023-06-24T08:56:18","guid":{"rendered":"https:\/\/com.grupoadyfin.es\/index.php\/apartment-management-member-registration-page\/"},"modified":"2023-06-24T08:56:18","modified_gmt":"2023-06-24T08:56:18","slug":"apartment-management-member-registration-page","status":"publish","type":"page","link":"https:\/\/com.grupoadyfin.es\/index.php\/apartment-management-member-registration-page\/","title":{"rendered":"Apartment Management Member Registration Page"},"content":{"rendered":"\t\r\n\t<link rel=\"stylesheet\"\thref=\"https:\/\/com.grupoadyfin.es\/wp-content\/plugins\/apartment-management\/assets\/css\/datepicker-default.css\">\r\n\t\r\n\t\t<style>\r\n\t\t\t\r\n\t\t\t.amgt_registraion_form .form-group .form-control {\r\n\t\t\t\tfont-size: 16px;\r\n\t\t\t}\r\n\t\t\t\t\/\/ .amgt_registraion_form .form-group,.amgt_registraion_form .form-group .form-control{float:left;width:100%}\r\n\t\t\t\t.amgt_registraion_form .form-group .require-field{color:red;}\r\n\t\t\t\t.amgt_registraion_form select.form-control,.amgt_registraion_form input[type=\"file\"] {\r\n\t\t\t\tpadding: 0.5278em;\r\n\t\t\t\tmargin-bottom: -3px;\r\n\t\t\t\tborder: 0;\r\n\t\t\t}\r\n\t\t\t.amgt_registraion_form .radio-inline {\r\n\t\t\t\tfloat: left;\r\n\t\t\t\t\/\/ margin-bottom: 10px;\r\n\t\t\t\t\/\/ margin-top: 10px;\r\n\t\t\t\tmargin-right: 15px;\r\n\t\t\t}\r\n\t\t\t.amgt_registraion_form .form-control.checkbox-input {\r\n\t\t\t\tmargin-top: 15px;\r\n\t\t\t}\r\n\t\t\t.amgt_registraion_form  .radio-inline .tog {\r\n\t\t\t\tmargin-right: 5px;\r\n\t\t\t}\r\n\t\t\t.amgt_registraion_form .col-sm-2.control-label {\r\n\t\t\t\ttext-align: right;\r\n\t\t\t}\r\n\t\t\t\t.amgt_registraion_form .form-group .col-sm-2 {width: 32.667%;}\r\n\t\t\t\t.amgt_registraion_form .form-group .col-sm-8 {     width: 66.66666667%;}\r\n\t\t\t\t.amgt_registraion_form .form-group .col-sm-7{  width: 53.33333333%;}\r\n\t\t\t\t.amgt_registraion_form .form-group .col-sm-1{  width: 13.33333333%;}\r\n\t\t\t\t.amgt_registraion_form .form-group .col-sm-8, .amgt_registraion_form .form-group .col-sm-2,.amgt_registraion_form .form-group .col-sm-7,.amgt_registraion_form .form-group .col-sm-1{      \r\n\t\t\t\tpadding-left: 15px;\r\n\t\t\t\tpadding-right: 15px;\r\n\t\t\t\tfloat:left;}\r\n\t\t\t\t.amgt_registraion_form .form-group .col-sm-8, .amgt_registraion_form .form-group .col-sm-2,.amgt_registraion_form .amgt_registraion_form .form-group .col-sm-7\r\n\t\t\t\t{\r\n\t\t\t\t\tposition: relative;\r\n\t\t\t\t\tmin-height: 1px;   \r\n\t\t\t\t}\r\n\t\t\t\r\n\t\t\t\t\r\n\t\t\t\t\r\n\t\t\t\t.amgt_registraion_form .col-sm-offset-2.col-sm-8 {\r\n\t\t\t\tfloat: left;\r\n\t\t\t\tmargin-left: 35%;\r\n\t\t\t\tmargin-top: 15px;\r\n\t\t\t}\r\n\t\t\t.amgt_registraion_form .form-control {\r\n\t\t\t\tline-height: 22px;\r\n\t\t\t}\r\n\t\t\t\t.student_reg_error .error{color:red;}\r\n\t\t\t.amgt_registraion_form .occupied_div\r\n\t\t\t{\r\n\t\t\t\tdisplay:none;\r\n\t\t\t}\r\n\t\t\t.amgt_registraion_form .menu,.amgt_registraion_form .entry-title,.amgt_registraion_form .submit_btn\r\n\t\t\t{\r\n\t\t\t\tfont-size: 14px!important;\r\n\t\t\t}\r\n\t\t\t.amgt_registraion_form select \r\n\t\t\t{\r\n\t\t\t\theight: 48px;\r\n\t\t\t\tfont-size: 13px;\r\n\t\t\t\t\/\/ background: #F2F5FA!important;\r\n\t\t\t\tcolor: #818386;\r\n\t\t\t\tborder: 1px solid #ccc;\r\n\t\t\t}\r\n\t\t\t.width_auto\r\n\t\t\t{\r\n\t\t\t\twidth: auto !important;\r\n\t\t\t}\r\n\t\t\t.save_btn {\r\n\t\t\t\theight: 46px;\r\n\t\t\t\tbackground-color: #104B73!important;\r\n\t\t\t\tcolor: #fff !important;\r\n\t\t\t\twidth: 100% !important;\r\n\t\t\t\tfont-weight: 500 !important;\r\n\t\t\t\tfont-size: 16px !important;\r\n\t\t\t\tline-height: 24px;\r\n\t\t\t\ttext-align: center;\r\n\t\t\t\tcolor: #FFFFFF;\r\n\t\t\t\ttext-transform: uppercase;\r\n\t\t\t\tborder: 0px solid #104B73 !important;\r\n\t\t\t}\r\n\t\t\t.width_48\r\n\t\t\t{\r\n\t\t\t\twidth: 48% !important;\r\n\t\t\t}\r\n\t\t\t.width_100px\r\n\t\t\t{\r\n\t\t\t\twidth:100px !important;\r\n\t\t\t}\r\n\t\t\t\r\n\t\t\t#member_form .control-label\r\n\t\t\t{\r\n\r\n\t\t\t\tfont-size: 14px!important;\r\n\t\t\t}\r\n\r\n\t\t\tinput[type=radio]:checked {\r\n\t\t\t\tborder: 1px solid !important;\r\n\t\t\t}\r\n\t\t\t\/* input[type=checkbox], input[type=radio] {\r\n\t\t\t\t-webkit-appearance: none;\r\n\t\t\t\t-moz-appearance: none;\r\n\t\t\t\tposition: relative;\r\n\t\t\t\twidth: 20px;\r\n\t\t\t\theight: 20px;\r\n\t\t\t\tborder: 1px solid;\r\n\t\t\t\tbackground: var(--global--color-white);\r\n\t\t\t} *\/\r\n\t\t\tinput[type=radio]:checked:after {\r\n\t\t\t\topacity: 1;\r\n\t\t\t}\r\n\t\t\t.width_100\r\n\t\t\t{\r\n\t\t\t\twidth:100%;\r\n\t\t\t}\r\n\t\t\t\/* input[type=radio]:after {\r\n\t\t\t\tcontent: \"\";\r\n\t\t\t\topacity: 0;\r\n\t\t\t\tdisplay: block;\r\n\t\t\t\tleft: 5px;\r\n\t\t\t\ttop: 5px;\r\n\t\t\t\tposition: absolute;\r\n\t\t\t\twidth: 8px;\r\n\t\t\t\theight: 8px;\r\n\t\t\t\tborder-radius: 50%;\r\n\t\t\t\tbackground: var(--form--color-text);\r\n\t\t\t} *\/\r\n\t\t<\/style>\t<script type=\"text\/javascript\" src=\"https:\/\/com.grupoadyfin.es\/wp-content\/plugins\/apartment-management\/assets\/js\/jquery.min.js\"><\/script>\t\r\n\t<script type=\"text\/javascript\" src=\"https:\/\/com.grupoadyfin.es\/wp-content\/plugins\/apartment-management\/assets\/accordian\/jquery-ui.js\"><\/script>\t\r\n\t<!--- Validation Message Demo page registration --->\t\t\r\n\t<script type=\"text\/javascript\"\tsrc=\"https:\/\/com.grupoadyfin.es\/wp-content\/plugins\/apartment-management\/lib\/validationEngine\/js\/jquery-validationEngine.js\"><\/script>\t\r\n\t<script type=\"text\/javascript\"\tsrc=\"https:\/\/com.grupoadyfin.es\/wp-content\/plugins\/apartment-management\/lib\/validationEngine\/js\/languages\/jquery.validationEngine-es.js\"><\/script>\t\r\n\t<script type=\"text\/javascript\" id=\"amgt-popup-js\"\tsrc=\"https:\/\/com.grupoadyfin.es\/wp-content\/plugins\/apartment-management\/assets\/js\/popup.js\"><\/script>\t\r\n\t<script id=\"amgt-popup-front\">\t\r\n\t\tvar amgt = {\"ajax\":\"https:\/\/com.grupoadyfin.es\/wp-admin\/admin-ajax.php\"};\t\r\n\t\tvar language_translate2 = \r\n\t\t{\r\n\t\t\t\"edit_record_alert\":\"Are you sure want to edit this record?\",\r\n\t\t\t\"category_alert\":\"You must fill out the field!\",\r\n\t\t\t\"class_limit_alert\":\"Class Limit Is Full.\",\r\n\t\t\t\"enter_room_alert\":\"Please Enter Room Category Name.\",\r\n\t\t\t\"enter_value_alert\":\"Please Enter Value.\",\r\n\t\t\t\"delete_record_alert\":\"Are you sure want to delete this record?\",\r\n\t\t\t\"select_hall_alert\":\"Please Select Exam Hall\",\r\n\t\t\t\"one_record_alert\":\"Please Checked Atleast One Student\"\r\n\t\t};\t\r\n\t<\/script>\t\t\r\n\t<!--- Validation Message Demo page registration end  --->\r\n\t\r\n\t<div class=\"amgt_registraion_form\">\r\n\r\n\t\t<script type=\"text\/javascript\">\r\n\t\tjQuery(document).ready(function($)\r\n\t\t{\r\n\t\t\t\r\n\t\t\t\"use strict\";\r\n\t\t\t\t\t\t\t\t\t$('#member_form').validationEngine({promptPosition : \"bottomLeft\",maxErrorsPerField: 1});\r\n\t\t\t\t\t\t\t\t\t\r\n\t\t\t$('#birth_date').datepicker({\r\n\t\t\t\tdateFormat: \"yy-mm-dd\",\r\n\t\t\t\tmaxDate : 0,\r\n\t\t\t\tchangeMonth: true,\r\n\t\t\t\tchangeYear: true,\r\n\t\t\t\tyearRange:'-65:+25',\r\n\t\t\t\tbeforeShow: function (textbox, instance) \r\n\t\t\t\t{\r\n\t\t\t\t\tinstance.dpDiv.css({\r\n\t\t\t\t\t\tmarginTop: (-textbox.offsetHeight) + 'px'                   \r\n\t\t\t\t\t});\r\n\t\t\t\t},    \r\n\t\t\t\tonChangeMonthYear: function(year, month, inst) {\r\n\t\t\t\t\tjQuery(this).val(month + \"\/\" + year);\r\n\t\t\t\t}                    \r\n\t\t\t}); \r\n\t\t\t\t\r\n\t\t\t$('#occupied_date').datepicker({\t  \r\n\t\t\t\/\/autoclose: true\r\n\t\t\t\tmaxDate : 0,\r\n\t\t\t\tchangeMonth: true,\r\n\t\t\t\tchangeYear: true\r\n\t\t\t});  \r\n\t\t\t$(\"body\").on(\"change\", \".file\", function() {\r\n\t\t\t\t\r\n\t\t\t\t\"use strict\";\r\n\t\t\t\tvar fileExtension = ['jpg','jpeg','png'];\r\n\t\t\t\t\/\/ var obj = $(this).val();\r\n\t\t\t\tif ($.inArray($(this).val().split('.').pop().toLowerCase(), fileExtension) == -1)\r\n\t\t\t\t{\r\n\t\t\t\t\talert(\"Solo se permiten archivos jpg, jpeg, png\");\r\n\t\t\t\t\t$(this).val('');\r\n\t\t\t\t}\t\r\n\t\t\t});  \r\n\t\t\t\/\/username not  allow space validation\r\n\t\t\t$('#username').keypress(function( e ) {\r\n\t\t\t\t\"use strict\";\r\n\t\t\tif(e.which === 32) \r\n\t\t\t\treturn false;\r\n\t\t\t});\r\n\t\t});\r\n\t\t<\/script>\r\n\t\t\t\t\t<style>\r\n\t\t\t\t.registration_form_custom_div.amgt_child_login_reg\r\n\t\t\t\t{\r\n\t\t\t\t\tposition: absolute;\r\n\t\t\t\t\ttop: 400px;\r\n\t\t\t\t\tleft: 422px;\r\n\t\t\t\t}\r\n\t\t\t<\/style>\r\n\t\t\t\t\t<style>\r\n\t\t.dropdown-menu {\r\n\t\t\tmin-width: 265px!important;\r\n\t\t}\r\n\t\t.occupied_status_color\r\n\t\t{\r\n\t\t\tcolor: red;\r\n\t\t}\r\n\t\t\r\n\t\t.float_left\r\n\t\t{\r\n\t\t\tfloat: left !important;\r\n\t\t}\r\n\t\t<\/style>\r\n\t\t\r\n\t    \t\t<input type=\"hidden\" name=\"action\" value=\"insert\">\r\n\t\t<input type=\"hidden\" name=\"role\" value=\"member\"  \/>\r\n\t\t<div class=\"panel-body\">\r\n\t\t\t<form name=\"member_form\" action=\"\" method=\"post\" class=\"form-horizontal\" id=\"member_form\" enctype=\"multipart\/form-data\">\r\n\t\t\t\t\t\t\t\t<input id=\"action\" type=\"hidden\" name=\"action\" value=\"insert\">\r\n\t\t\t\t<input type=\"hidden\" name=\"user_id\" value=\"\"  \/>\r\n\t\t\t\t<input type=\"hidden\" name=\"role\" value=\"member\"  \/>\r\n\t\t\t\t<div class=\"form-body user_form\"> <!-- user_form Strat-->   \r\n\t\t\t\t\t<div class=\"row\"><!--Row Div Strat--> \r\n\t\t\t\t\t\t<div id=\"hello\"><\/div>\r\n\t\t\t\t\t\t<div class=\"col-sm-12 col-md-6 col-lg-6 col-xl-6 input\">\r\n\t\t\t\t\t\t\t<!-- <label class=\"ml-1 custom-top-label top\" for=\"role_type\">Edificio<span class=\"require-field\">*<\/span><\/label> -->\r\n\t\t\t\t\t\t\t<select class=\"font_size_1rem_registration_form form-select validate[required] building_category width_100\" name=\"building_id\">\r\n\t\t\t\t\t\t\t\t<option value=\"\">Seleccionar edificio<\/option>\r\n\t\t\t\t\t\t\t\t<option value=\"13\" >LAS TABLAS<\/option>\t\t\t\t\t\t\t<\/select>\r\n\t\t\t\t\t\t<\/div>\t\r\n\t\t\t\t\t\t<div class=\"col-sm-12 col-md-6 col-lg-6 col-xl-6 input\">\r\n\t\t\t\t\t\t\t<!-- <label class=\"ml-1 custom-top-label top\" for=\"role_type\">Categor\u00eda de unidad<span class=\"require-field\">*<\/span><\/label> -->\r\n\t\t\t\t\t\t\t<select class=\"font_size_1rem_registration_form form-select validate[required] unit_category_for_member width_100\" name=\"unit_cat_id\">\r\n\t\t\t\t\t\t\t\t<option value=\"\">Seleccionar categor\u00eda de unidad<\/option>\r\n\t\t\t\t\t\t\t\t<option value=\"5\" >Office<\/option><option value=\"6\" >Residential<\/option>\t\t\t\t\t\t\t<\/select>\r\n\t\t\t\t\t\t<\/div>\r\n\t\t\t\t\t\t<div class=\"col-sm-12 col-md-6 col-lg-6 col-xl-6 input\">\r\n\t\t\t\t\t\t\t<!-- <label class=\"ml-1 custom-top-label top\" for=\"role_type\">Unidad<span class=\"require-field\">*<\/span><\/label> -->\r\n\t\t\t\t\t\t\t<select class=\"font_size_1rem_registration_form form-select validate[required] unit_name width_100\" name=\"unit_name\">\r\n\t\t\t\t\t\t\t\t<option value=\"\">Seleccione el nombre de la unidad<\/option>\r\n\t\t\t\t\t\t\t\t\r\n\t\t\t\t\t\t\t<\/select>\r\n\t\t\t\t\t\t<\/div>\r\n\t\t\t\t\t\t<div class=\"col-sm-6 col-md-6 col-lg-6 col-xl-6 \">\r\n\t\t\t\t\t\t\t<div class=\"form-group input\">\r\n\t\t\t\t\t\t\t\t<div class=\"col-md-12 form-control\">\r\n\t\t\t\t\t\t\t\t\t<input id=\"first_name\" class=\"form-control validate[required,custom[onlyLetter_specialcharacter]] text-input\" maxlength=\"50\" type=\"text\" value=\"\" name=\"first_name\">\r\n\t\t\t\t\t\t\t\t\t<label class=\"\" for=\"middle_name\">Primer nombre<span class=\"require-field\">*<\/span><\/label>\r\n\t\t\t\t\t\t\t\t<\/div>\r\n\t\t\t\t\t\t\t<\/div>\r\n\t\t\t\t\t\t<\/div>\r\n\t\t\t\t\t\t<div class=\"col-sm-6 col-md-6 col-lg-6 col-xl-6 \">\r\n\t\t\t\t\t\t\t<div class=\"form-group input\">\r\n\t\t\t\t\t\t\t\t<div class=\"col-md-12 form-control\">\r\n\t\t\t\t\t\t\t\t\t<input id=\"middle_name\" class=\"form-control validate[custom[onlyLetter_specialcharacter]]\" type=\"text\" maxlength=\"50\" value=\"\" name=\"middle_name\">\r\n\t\t\t\t\t\t\t\t\t<label class=\"\" for=\"middle_name\">Segundo nombre<\/label>\r\n\t\t\t\t\t\t\t\t<\/div>\r\n\t\t\t\t\t\t\t<\/div>\r\n\t\t\t\t\t\t<\/div>\r\n\t\t\t\t\t\t<div class=\"col-sm-6 col-md-6 col-lg-6 col-xl-6 avada_margin_bottom_15px\">\r\n\t\t\t\t\t\t\t<div class=\"form-group input\">\r\n\t\t\t\t\t\t\t\t<div class=\"col-md-12 form-control\">\r\n\t\t\t\t\t\t\t\t\t<input id=\"last_name\" class=\"form-control validate[required,custom[onlyLetter_specialcharacter]] text-input\" maxlength=\"50\" type=\"text\"  value=\"\" name=\"last_name\">\r\n\t\t\t\t\t\t\t\t\t<label class=\"\" for=\"middle_name\">Apellido<span class=\"require-field\">*<\/span><\/label>\r\n\t\t\t\t\t\t\t\t<\/div>\r\n\t\t\t\t\t\t\t<\/div>\r\n\t\t\t\t\t\t<\/div>\r\n\t\t\t\t\t\t<div class=\"col-sm-6 col-md-6 col-lg-6 col-xl-6 \">\r\n\t\t\t\t\t\t\t<div class=\"form-group input\">\r\n\t\t\t\t\t\t\t\t<div class=\"col-md-12 form-control\">\r\n\t\t\t\t\t\t\t\t\t<input id=\"birth_date\" class=\"form-control validate[required]\" autocomplete=\"off\" type=\"text\"  name=\"birth_date\" value=\"\">\r\n\t\t\t\t\t\t\t\t\t<label class=\"birthdate_label\" for=\"middle_name\">Fecha de nacimiento<span class=\"require-field\">*<\/span><\/label>\r\n\t\t\t\t\t\t\t\t<\/div>\r\n\t\t\t\t\t\t\t<\/div>\r\n\t\t\t\t\t\t<\/div>\r\n\t\t\t\t\t\t<div class=\"col-sm-6 col-md-6 col-lg-6 col-xl-6 res_margin_bottom_20px rtl_margin_top_15px radio_btn_margin_set\">\r\n\t\t\t\t\t\t\t<div class=\"form-group\">\r\n\t\t\t\t\t\t\t\t<div class=\"col-md-12 form-control\">\r\n\t\t\t\t\t\t\t\t\t<div class=\"row padding_radio\">\r\n\t\t\t\t\t\t\t\t\t\t<div class=\"input-group\">\r\n\t\t\t\t\t\t\t\t\t\t\t<label class=\"custom-top-label\" for=\"gender\">G\u00e9nero<span class=\"require-field\">*<\/span><\/label>\r\n\t\t\t\t\t\t\t\t\t\t\t<div class=\"d-inline-block gender_line_height_24px\">\r\n\t\t\t\t\t\t\t\t\t\t\t\t\t\t\t\t\t\t\t\t\t\t\t\t<label class=\"radio-inline custom_radio\">\r\n\t\t\t\t\t\t\t\t\t\t\t\t\t<input type=\"radio\" value=\"male\" class=\"tog\" name=\"gender\"   checked='checked' style=\"margin-bottom: -4px;\"  \/>Masculino\t\t\t\t\t\t\t\t\t\t\t\t<\/label>\r\n\t\t\t\t\t\t\t\t\t\t\t\t<label class=\"radio-inline custom_radio\">\r\n\t\t\t\t\t\t\t\t\t\t\t\t\t<input type=\"radio\" value=\"female\" class=\"tog\" name=\"gender\"  style=\"margin-bottom: -4px;\"\/>Femenino\t\t\t\t\t\t\t\t\t\t\t\t<\/label>\r\n\t\t\t\t\t\t\t\t\t\t\t\t\r\n\t\t\t\t\t\t\t\t\t\t\t<\/div>\r\n\t\t\t\t\t\t\t\t\t\t<\/div>\r\n\t\t\t\t\t\t\t\t\t<\/div>\t\t\r\n\t\t\t\t\t\t\t\t<\/div>\r\n\t\t\t\t\t\t\t<\/div>\r\n\t\t\t\t\t\t<\/div>\r\n\t\t\t\t\t\t<div class=\"col-sm-6 col-md-6 col-lg-6 col-xl-6 \">\r\n\t\t\t\t\t\t\t<div class=\"form-group input\">\r\n\t\t\t\t\t\t\t\t<div class=\"col-md-12 form-control\">\r\n\t\t\t\t\t\t\t\t\t<input id=\"email\" class=\"amgt_email_id_validation form-control validate[required,custom[email]] text-input\" maxlength=\"50\" type=\"text\"  name=\"email\" value=\"\">\r\n\t\t\t\t\t\t\t\t\t<label class=\"\" for=\"middle_name\">Correo electr\u00f3nico<span class=\"require-field\">*<\/span><\/label>\r\n\t\t\t\t\t\t\t\t<\/div>\r\n\t\t\t\t\t\t\t\t<div class=\"email_validation_div\">\r\n\t\t\t\t\t\t\t\t\t<div class=\"formError\" style=\"opacity: 0.87; position: absolute; top: 33px; left: 482.5px; margin-top: 0px; display: block;\"><div class=\"formErrorArrow formErrorArrowBottom\"><div class=\"line1\"><!-- --><\/div><div class=\"line2\"><!-- --><\/div><div class=\"line3\"><!-- --><\/div><div class=\"line4\"><!-- --><\/div><div class=\"line5\"><!-- --><\/div><div class=\"line6\"><!-- --><\/div><div class=\"line7\"><!-- --><\/div><div class=\"line8\"><!-- --><\/div><div class=\"line9\"><!-- --><\/div><div class=\"line10\"><!-- --><\/div><\/div><div class=\"formErrorContent\">Email id Already Exist.<br><\/div><\/div>\r\n\t\t\t\t\t\t\t\t<\/div>\r\n\t\t\t\t\t\t\t<\/div>\r\n\t\t\t\t\t\t<\/div>\r\n\t\t\t\t\t\t<div class=\"col-sm-6 col-md-6 col-lg-6 col-xl-6 avada_margin_bottom_15px\">\r\n\t\t\t\t\t\t\t<div class=\"form-group input\">\r\n\t\t\t\t\t\t\t\t<div class=\"col-md-12 form-control\">\r\n\t\t\t\t\t\t\t\t\t<input id=\"password\" class=\"form-control validate[required] password\" type=\"password\" minlength=\"8\" maxlength=\"12\" name=\"password\" value=\"\">\r\n\t\t\t\t\t\t\t\t\t<label class=\"\" for=\"middle_name\">Clave<span class=\"require-field\">*<\/span><\/label>\r\n\t\t\t\t\t\t\t\t<\/div>\r\n\t\t\t\t\t\t\t<\/div>\r\n\t\t\t\t\t\t<\/div>\r\n\t\t\t\t\t\t<div class=\"col-md-6\">\r\n\t\t\t\t\t\t\t<div class=\"row\">\r\n\t\t\t\t\t\t\t\t<div class=\"col-md-4 child_theme_padding_left_0\">\r\n\t\t\t\t\t\t\t\t\t<div class=\"form-group input margin_bottom_0\">\r\n\t\t\t\t\t\t\t\t\t\t<div class=\"col-md-12 form-control\">\r\n\t\t\t\t\t\t\t\t\t\t\t<input type=\"text\" readonly value=\"+1\"  class=\"form-control\" name=\"phonecode\">\r\n\t\t\t\t\t\t\t\t\t\t\t<label for=\"phonecode\" class=\"pl-2 popup_countery_code_css\">Code<span class=\"required red\">*<\/span><\/label>\r\n\t\t\t\t\t\t\t\t\t\t<\/div>\t\t\t\t\t\t\t\t\t\t\t\r\n\t\t\t\t\t\t\t\t\t<\/div>\r\n\t\t\t\t\t\t\t\t<\/div>\r\n\t\t\t\t\t\t\t\t<div class=\"col-md-8 child_theme_padding_right_0\">\r\n\t\t\t\t\t\t\t\t\t<div class=\"form-group input margin_bottom_0\">\r\n\t\t\t\t\t\t\t\t\t\t<div class=\"col-md-12 form-control\">\r\n\t\t\t\t\t\t\t\t\t\t\t<input id=\"mobile\" style=\"height:34px;\" class=\"form-control validate[required,custom[phone]] text-input\" type=\"number\" min=\"0\" onKeyPress=\"if(this.value.length==15) return false;\"  name=\"mobile\" value=\"\">\r\n\t\t\t\t\t\t\t\t\t\t\t<label class=\"\" for=\"mobile\">N\u00famero de tel\u00e9fono m\u00f3vil<span class=\"require-field\">*<\/span><\/label>\r\n\t\t\t\t\t\t\t\t\t\t<\/div>\r\n\t\t\t\t\t\t\t\t\t<\/div>\r\n\t\t\t\t\t\t\t\t<\/div>\r\n\t\t\t\t\t\t\t<\/div>\r\n\t\t\t\t\t\t<\/div>\r\n\t\t\t\t\t\t<div class=\"col-sm-12 col-md-6 col-lg-6 col-xl-6 input\">\r\n\t\t\t\t\t\t\t<!-- <label class=\"ml-1 custom-top-label top\" for=\"role_type\">Tipo de miembro<span class=\"require-field\">*<\/span><\/label> -->\r\n\t\t\t\t\t\t\t<select class=\"form-select validate[required] width_100\" name=\"member_type\" id=\"member_type\">\r\n\t\t\t\t\t\t\t\t<option value=\"\">Seleccionar tipo de miembro<\/option>\r\n\t\t\t\t\t\t\t\t\t\t\t\t\t\t\t\t<option value=\"Owner\" >Due\u00f1o<\/option>\r\n\t\t\t\t\t\t\t\t<option value=\"tenant\" >Inquilino<\/option>\r\n\t\t\t\t\t\t\t\t<option value=\"owner_family\" >Propietario Familia<\/option>\r\n\t\t\t\t\t\t\t\t<option value=\"tenant_family\" >Familia del inquilino<\/option>\r\n\t\t\t\t\t\t\t\t<option value=\"care_taker\" >cuidador<\/option>\r\n\t\t\t\t\t\t\t<\/select>\r\n\t\t\t\t\t\t<\/div>\r\n\t\t\t\t\t\t<div class=\"occupied_div\">\r\n\t\t\t\t\t\t\t<div class=\"form-body user_form\"> <!-- user_form Strat-->   \r\n\t\t\t\t\t\t\t\t<div class=\"row\"><!--Row Div Strat--> \r\n\t\t\t\t\t\t\t\t\t<div class=\"col-sm-12 col-md-6 col-lg-6 col-xl-6 input\">\r\n\t\t\t\t\t\t\t\t\t\t<!-- <label class=\"ml-1 custom-top-label top\" for=\"role_type\">Ocupada por<span class=\"require-field\">*<\/span><\/label> -->\r\n\t\t\t\t\t\t\t\t\t\t<select class=\"form-select validate[required] allready_occupied_new width_100\" name=\"occupied_by\">\r\n\t\t\t\t\t\t\t\t\t\t\t<option value=\"\">Seleccione Ocupado por<\/option>\r\n\t\t\t\t\t\t\t\t\t\t\t\t\t\t\t\t\t\t\t\t\t\t<option value=\"Owner\" >Due\u00f1o<\/option>\r\n\t\t\t\t\t\t\t\t\t\t\t<option value=\"tenant\" >Inquilino<\/option>\t\t\t\r\n\t\t\t\t\t\t\t\t\t\t<\/select>\r\n\t\t\t\t\t\t\t\t\t<\/div>\r\n\t\t\t\t\t\t\t\t\t<div class=\"col-sm-6 col-md-6 col-lg-6 col-xl-6 \">\r\n\t\t\t\t\t\t\t\t\t\t<div class=\"form-group input\">\r\n\t\t\t\t\t\t\t\t\t\t\t<div class=\"col-md-12 form-control\">\r\n\t\t\t\t\t\t\t\t\t\t\t\t<input id=\"occupied_date\" class=\"form-control validate[required]\" autocomplete=\"off\" type=\"text\"  name=\"occupied_date\" value=\"\">\r\n\t\t\t\t\t\t\t\t\t\t\t\t<label class=\"\" for=\"middle_name\">Fecha ocupada<span class=\"require-field\">*<\/span><\/label>\r\n\t\t\t\t\t\t\t\t\t\t\t<\/div>\r\n\t\t\t\t\t\t\t\t\t\t<\/div>\r\n\t\t\t\t\t\t\t\t\t<\/div>\r\n\t\t\t\t\t\t\t\t<\/div>\r\n\t\t\t\t\t\t\t<\/div>\r\n\t\t\t\t\t\t<\/div>\r\n\t\t\t\t\t\t<div class=\"col-sm-6 col-md-6 col-lg-6 col-xl-6 avada_margin_bottom_15px\">\r\n\t\t\t\t\t\t\t<div class=\"form-group input\">\r\n\t\t\t\t\t\t\t\t<div class=\"col-md-12 form-control\">\r\n\t\t\t\t\t\t\t\t\t<input id=\"address\" class=\"form-control\" type=\"text\" maxlength=\"150\" name=\"address\" value=\"\">\r\n\t\t\t\t\t\t\t\t\t<label class=\"\" for=\"middle_name\">Direcci\u00f3n<\/label>\r\n\t\t\t\t\t\t\t\t<\/div>\r\n\t\t\t\t\t\t\t<\/div>\r\n\t\t\t\t\t\t<\/div>\r\n\r\n\t\t\t\t\t\t<div class=\"col-sm-6 col-md-6 col-lg-6 col-xl-6\">\r\n\t\t\t\t\t\t\t<div class=\"form-group input\">\r\n\t\t\t\t\t\t\t\t<div class=\"col-md-12 form-control upload-profile-image-patient\">\r\n\t\t\t\t\t\t\t\t\t<label class=\"ustom-control-label custom-top-label ml-2\" for=\"photo\">Imagen<\/label>\r\n\t\t\t\t\t\t\t\t\t<div class=\"col-sm-12\">\r\n\t\t\t\t\t\t\t\t\t\t<input type=\"file\" class=\"form-control file height_45\" name=\"amgt_user_avatar\">\r\n\t\t\t\t\t\t\t\t\t<\/div>\r\n\t\t\t\t\t\t\t\t<\/div>\r\n\t\t\t\t\t\t\t<\/div>\r\n\t\t\t\t\t\t<\/div>\r\n\t\t\t\t\t<\/div>\t\t\t\t\r\n\t\t\t\t<\/div>\t\r\n\t\t\t\t<div class=\"form-body user_form\"> <!-- user_form Strat-->   \r\n\t\t\t\t\t<div class=\"row\"><!--Row Div Strat--> \r\n\t\t\t\t\t\t<div class=\"col-lg-6 col-md-6 col-sm-6 col-xs-12 float_left\">\r\n\t\t\t\t\t\t\t<input type=\"submit\" value=\"registro de miembro\" name=\"registration_front_member\" class=\"save_btn btn btn-success\"\/>\r\n\t\t\t\t\t\t<\/div>\r\n\t\t\t\t\t<\/div>\t\t\t\t\r\n\t\t\t\t<\/div>\t\r\n\t\t\t<\/form>\r\n\t\t<\/div>\r\n\t\t\n","protected":false},"excerpt":{"rendered":"","protected":false},"author":1,"featured_media":0,"parent":0,"menu_order":0,"comment_status":"closed","ping_status":"closed","template":"","meta":{"footnotes":""},"class_list":["post-12","page","type-page","status-publish","hentry"],"_links":{"self":[{"href":"https:\/\/com.grupoadyfin.es\/index.php\/wp-json\/wp\/v2\/pages\/12","targetHints":{"allow":["GET"]}}],"collection":[{"href":"https:\/\/com.grupoadyfin.es\/index.php\/wp-json\/wp\/v2\/pages"}],"about":[{"href":"https:\/\/com.grupoadyfin.es\/index.php\/wp-json\/wp\/v2\/types\/page"}],"author":[{"embeddable":true,"href":"https:\/\/com.grupoadyfin.es\/index.php\/wp-json\/wp\/v2\/users\/1"}],"replies":[{"embeddable":true,"href":"https:\/\/com.grupoadyfin.es\/index.php\/wp-json\/wp\/v2\/comments?post=12"}],"version-history":[{"count":0,"href":"https:\/\/com.grupoadyfin.es\/index.php\/wp-json\/wp\/v2\/pages\/12\/revisions"}],"wp:attachment":[{"href":"https:\/\/com.grupoadyfin.es\/index.php\/wp-json\/wp\/v2\/media?parent=12"}],"curies":[{"name":"wp","href":"https:\/\/api.w.org\/{rel}","templated":true}]}}